 a composite number?
False
Suppose 3*w + 5 = -2*y + 15, 0 = -w + 4*y - 20. Suppose w = f + 6*f + 329. Let k = f - -66. Is k a composite number?
False
Suppose -3*x + 7*x = -b - 1, 5*b + 28 = 3*x. Let g be (-2)/((-2)/b*-1). Suppose 0 = g*a - 9*a + 1956. Is a a composite number?
True
Suppose -27196 = 3*k - 2*c + 20977, 0 = 5*k + c + 80271. Let j = -3690 - k. Is j prime?
False
Let p be (26 + (-2)/(-2))*18/54. Suppose 0 = -p*s + 21*s - 149988. Is s a prime number?
False
Suppose -5*r + 451925 = 2*i, -271155 = 14*r - 17*r + 3*i. Is r composite?
True
Let v(b) be the first derivative of -4 - b + 50/3*b**3 + b**2. Is v(-4) a prime number?
False
Suppose -185907 = -274*w + 268*w - 44793. Is w prime?
False
Let a(g) = 6611*g + 1876. Is a(23) a prime number?
True
Let m(q) = -29*q**3 - 4*q**2 + 2*q + 4. Let y be m(-6). Suppose 0 = -6*j - 8432 - y. Let x = 977 - j. Is x a composite number?
True
Let f(h) be the third derivative of h**6/15 + h**4/12 - 23*h**3/6 - 44*h**2. Is f(6) a composite number?
True
Suppose -12*p + 17*p + 5*b - 1403230 = 0, 2*p - 561271 = b. Is p prime?
True
Let r(q) = 14*q - 13. Suppose -d - 5*s = 19, -3*s = -d + 3*d + 3. Suppose 0 = 2*g + d*g - 48. Is r(g) a composite number?
False
Suppose -5*j + 191810 = -5*b, b + 1745 = -2*j + 78472. Suppose -15*i + 52 = -j. Is i a composite number?
True
Let a(f) = -10715*f + 1937. Is a(-15) a prime number?
False
Suppose -z = -2*j - 584203, 0 = 7*z - 4*j + 9*j - 4089421. Is z a composite number?
False
Suppose 2647 = 16*u - 1002969. Is u a prime number?
True
Suppose -6*d - 415429 = -13*d. Is d composite?
True
Suppose 0 = 4*a + 2*f - 16, 2*a - 5 + 1 = -3*f. Suppose a*o = 16*d - 11*d - 65, 5*d - 61 = 4*o. Suppose d*h - 49497 = 15618. Is h a prime number?
False
Let c(m) = -15994*m - 1499. Is c(-9) prime?
False
Let x = 368 + 1928. Suppose x - 69069 = -4*s - 5*c, -s - 2*c = -16691. Is s a prime number?
False
Let b(v) = -3545*v**2 + 9*v - 3. Let d = -88 + 86. Let i(g) = g**2 - g - 1. Let l(f) = d*i(f) - b(f). Is l(1) a composite number?
False
Let x(b) = 816*b**2 - 23*b + 3. Is x(8) a composite number?
True
Let t = 2151440 - 404361. Is t prime?
True
Let c = -67 + 67. Suppose c = -4*x - 55 + 7. Is ((-1623)/x)/((-1)/(-4)) prime?
True
Is (-2)/10 - ((-288407)/35 + -9) a composite number?
True
Suppose 0 = 1002*p - 972*p - 6062070. Is p a prime number?
False
Suppose 25 = 5*r + 5*v, 3*r - 3*v + 10 = -v. Suppose -u + 1 + 3 = r. Is u/18 - (-3)/54*4190 prime?
True
Let m(c) = 11*c**2 + 47*c + 21. Let r(g) = -55*g**2 - 236*g - 104. Let y(f) = 11*m(f) + 2*r(f). Is y(-10) a composite number?
False
Let s be (4 - 1) + 0 - -1. Suppose 0 = s*d - 8*d + 8. Suppose f = o - 182, 0 = 7*o - d*o - 4*f - 913. Is o prime?
False
Let w(o) = 2510*o**2 + 7*o. Let m(z) = 0 - 4*z - z**2 + 11*z - 9*z + z**3 - 1. Let k be m(-1). Is w(k) a prime number?
True
Suppose a - 4 = 4*s, 9*s - 20 = 4*s. Let n be (1*17/3)/(a/9420). Let b = n + -962. Is b a composite number?
True
Suppose -17*x - 3*i - 30 = -19*x, -x + 15 = -i. Is (1 + x/(-6))*15218/(-21) a composite number?
False
Suppose -8 = -2*h, 3*h + 42526 = 480*q - 478*q. Is q a prime number?
True
Suppose -2*k - 12 = -2*y, -4*k - 25 = -5*y - 0*k. Let w(j) = -3*j + 5*j + 8*j + 1 + 107*j. Is w(y) prime?
False
Let c be (-99)/(-6) + (-1)/2. Let r = 2308 + -2292. Is (-61044)/c*r/(-12) a prime number?
True
Let r be -7 + (-22)/(-4) + 2/(-4). Let p be (2/(-20)*-12)/(r/(-15)). Suppose 8393 = p*w + 2*w. Is w composite?
True
Is 147205/3 + 26/39 a composite number?
False
Is 1*(10/(-5))/((-8)/176756) prime?
True
Suppose y = 2*y - 4*h + 18, -4*h = 0. Is ((-3)/y)/((-7)/(-65478)) a composite number?
False
Let d be (0 - 3 - -4)/((-4)/(-8)). Suppose 0 = 3*z - g - 1754, -3*z + 2926 = d*z - g. Is z a prime number?
False
Let h(i) be the second derivative of 29/6*i**3 + 1/4*i**4 + 0 - 27/2*i**2 - 4*i. Is h(-23) a prime number?
False
Let p = -539 - -545. Is (-2)/p - 3688/(-12) prime?
True
Let z(h) = h**3 - 2*h**2 - 2*h - 1. Let l be z(3). Let q be (-238)/(-85) + 9/45. Suppose 0 = l*m + 2*g - 56, 0 = 4*m + g - q*g - 130. Is m a composite number?
False
Let o = -231330 - -415608. Suppose -14220 = 14*j - o. Is j a composite number?
True
Let b(g) = -72623*g + 17. Let d be b(-2). Is d/17 - (-22)/187 a composite number?
True
Suppose 0*v = v + 2*c - 38, 5*v + 5*c = 210. Let f = 49 + -12. Let x = v + f. Is x a prime number?
True
Suppose 4*q + 16 = -n, 0 = -4*n + 3*n - q - 1. Let r be (-1497)/(6/n + -3). Let l = -707 + r. Is l a composite number?
True
Let j(f) = 119*f + 1 - 351*f + 12 + 122*f + 130*f + 124*f**2. Is j(7) a composite number?
False
Let i(t) = -121*t + 32. Let u(l) = -14*l - 40. Let z be u(7). Let m = z - -123. Is i(m) prime?
True
Suppose r = -8*r - 18. Let y be (-116)/r*(-4 + 34)/5. Suppose s = 266 + y. Is s a composite number?
True
Suppose i - 45 = -5*t - i, 32 = t + 5*i. Suppose 3*u = -t*u + 116690. Is u prime?
False
Let q = 124 - 88. Let y be q/15 - 6/(-10). Suppose 0*o - 3129 = -y*o. Is o a composite number?
True
Suppose 60*n = 83*n + 53*n - 20713724. Is n a composite number?
False
Let c = -65 + 70. Suppose c*m + 118 = 143. Suppose z - 435 = 3*h + 911, m*h - 6830 = -5*z. Is z composite?
False
Let w = -1172 + 531. Let l = w + 1054. Is l composite?
True
Suppose 0 = w - 253 - 608. Suppose 4*t = -m + 3959, -4*m + w - 4845 = -4*t. Is t prime?
True
Suppose 3*k - 12 = -k. Let y(o) = 1081*o + 27. Let b be y(k). Suppose -3*x + b = -6861. Is x a composite number?
True
Let z(i) = -26*i**2 + 76*i - 74. Let u be z(30). Is (u + (20/(-4) - -5))/(-2) a prime number?
True
Suppose k = -27*s + 30*s - 1684038, -4*k + 12 = 0. Is s a composite number?
False
Let i be ((200/3)/1)/(3/(-9)). Let p = -461 - i. Let n = p + 484. Is n a prime number?
True
Let s be -82*(-2)/2 - 0. Suppose -2*m = -4*m + s. Suppose d - m = -26. Is d prime?
False
Suppose 15*c = -25949 + 320864. Is c a prime number?
True
Let k(u) = -2115*u - 148. Let r be k(5). Let j = r + 18392. Is j a prime number?
True
Let i(d) = 32192*d - 51. Is i(4) prime?
True
Let a(h) be the second derivative of 25*h**4/3 + 2*h**3/3 + 21*h**2/2 + h + 18. Is a(-8) a composite number?
False
Suppose -26222825 = -61*z + 36*z. Is z a prime number?
False
Let b be 5 - 96467/(-7)*-1. Is -3 + (9 - 2) + (1 - b) a prime number?
True
Suppose 22138991 - 2473915 = 164*g. Is g a composite number?
True
Let l(c) be the third derivative of -c**6/120 + 5*c**5/12 + c**4/6 - 7*c**3/6 + 2*c**2 - 43*c. Is l(6) a prime number?
True
Suppose -88300 = -2*p - 4*n, -6*p + 5*n = -2*p - 176548. Suppose 75*z - p = 69*z. Is z composite?
True
Suppose 3*q - 43287 = -4*f, 3*f - 15*q + 11*q = 32459. Suppose f = 36*i - 591. Is i a composite number?
False
Suppose -2*t = 52*a - 51*a + 3907, -5*a = -t - 1959. Let p = t + 4001. Is p composite?
True
Suppose 3*h - 37*h + 5504740 = -1706014. Is h a composite number?
False
Let c be -1 - (-11)/((-22)/(-252)). Let w = c - 79. Suppose 5*d + 3*a = -2*a + 290, w = d + 4*a. Is d a composite number?
True
Let g(k) = -1179*k - 5. Let c be g(-1). Suppose -29698 + c = -6*r. Let q = r - 2953. Is q composite?
False
Let q(d) = 105*d - 8. Let c be (19/38)/((-2)/(-8)). Is q(c) a prime number?
False
Is (16282224/30)/4 - (-24)/30 composite?
True
Suppose 2*y + 5*z - 14 - 14 = 0, -2*y + 3*z + 12 = 0. Suppose 0 = y*u - 31382 - 129385. Is u a composite number?
False
Let w = 181 - 184. Is (w/24 - (-4962)/16) + -3 composite?
False
Let u be (5/1 - -1)*34/51. Suppose u*j - 3798 = -2*v, -5*j = -7*j - 3*v + 1893. Is j a composite number?
True
Suppose 13 = 5*c - 4*h - 4, -5*c = -5*h - 20. Is ((-231270)/(-60))/(c/2) prime?
False
Suppose -36*w = -44*w - 170576. Let v = -5069 - w. Is v a composite number?
False
Let p(w) = -w**2 + 10*w - 27. Let f be p(6). Let k(g) = 19*g**2 - 10 - 3*g**2 + 3*g + 6. Is k(f) a prime number?
True
Let r = -95548 - -265442. Is r prime?
False
Let p = -399 + 399. Suppose -10*k + 4*a = -11*k + 537, k + a - 540 = p. Is k a composite number?
False
Let r = 768874 - 389025. Is r a composite number?
False
Suppose 4*p - 5*s - 33 = 2*p, -s = 3*p - 7. Suppose 3*v = -5*l + 11662, -v + 3 = p. Is l prime?
True
Let y = -3555 - 3396. Let r = -4964 - y. Is r a composite number?
False
Suppose 10*c - 9*c - 21 = 0. Let d = 21 - c. Let b(o) = 2*o + 407. Is b(d) a composite number?
True
Let d = -204 - -207. S